+ 48*f**2 + 35*f + 48. Let d be v(-47). Suppose 2*r + z = d, 0*z + 3*z - 612 = -2*r. Is 9 a factor of r?
True
Suppose -4*l - 7 + 19 = 0. Suppose -160 = 4*c + b + b, -l*c - 4*b = 120. Let i = c - -95. Does 11 divide i?
True
Let u = 175 + -160. Let r(h) = -3*h**2 + 45*h + 24. Is r(u) a multiple of 5?
False
Let q be (-5)/(-15) - (-3)/((-27)/(-303)). Suppose -10 + q = 6*u. Suppose -o + 25 = c, -u*o = -3 + 15. Is 20 a factor of c?
False
Suppose -5*f - 11673 = -2*g - 4*f, -4*f = 4*g - 23364. Is 21 a factor of g?
True
Let b = 325 - 289. Suppose -20 = 5*y, -4*y - b = -17*g + 15*g. Is 2 a factor of g?
True
Suppose -2*y + 12636 = 4*t, 0 = -3*y + 2*t + 3066 + 15864. Does 6 divide y?
True
Suppose -4*h - 4*y + 12 = 0, -7*y + 12 = -2*h - 3*y. Suppose -5*q + 2*c = -3*c, c = h. Suppose -5*g + 272 - 62 = q. Does 42 divide g?
True
Suppose 23*u + 296756 = -20*u + 904604. Is 6 a factor of u?
True
Let t(d) = 3*d**2 + 18*d - 7 + 30 - 5*d. Let w be t(-11). Let c = w + -171. Is c a multiple of 29?
False
Let c(d) = -5*d**2 + 23*d + 24. Let x(q) = -11*q**2 + 47*q + 49. Let o be -1*2/10 - (-640)/(-50). Let z(m) = o*c(m) + 6*x(m). Is 9 a factor of z(-8)?
True
Let t be 326/(-22) + (-30)/165. Let s = 17 + t. Is 14 a factor of (4 - 4) + 54 + s?
True
Suppose 162*r = -30623 + 83111. Is r a multiple of 9?
True
Is (-5)/(-19 - 22626/(-1191)) a multiple of 6?
False
Suppose 106 = 5*d - 3*d. Suppose 5*k + c = d + 779, 838 = 5*k + 4*c. Is k a multiple of 4?
False
Suppose 2*m - 4 = 0, -158 = -0*v - 3*v - 4*m. Is 5*5/v - 700/(-8) a multiple of 4?
True
Let u = -8507 + 11492. Does 32 divide u?
False
Suppose 68 = 3*o - 166. Let w = 81 - o. Let c = 30 + w. Is 13 a factor of c?
False
Suppose o + 5*o = 120. Let s = o + 67. Let p = -61 + s. Is 13 a factor of p?
True
Let u(w) = w**3 + 15*w**2 + 30*w - 18. Let p be u(-13). Let l = p + 185. Is l a multiple of 9?
False
Suppose 5*b - 223 = -4*i, i + 4*b - 22 - 31 = 0. Suppose v = -2*h + 2*v - 39, 12 = -h - v. Let l = i + h. Is 20 a factor of l?
True
Suppose 0 = 5*d - 0*d + 10. Let b be (-12)/(-8)*d/(-6)*2. Is 18 a factor of (b + 0 + 15)*(-972)/(-144)?
True
Let t be 2*(3 - 1 - (2 + -4)). Suppose 0 = -u - 2*h + 118, -u + h = -t - 95. Is u a multiple of 12?
True
Let h = 114 + -108. Suppose -h*u = -55 - 5. Suppose -u*a = -349 - 351. Is 18 a factor of a?
False
Suppose -3*y = 3*d + 12 + 9, -2*d + 5*y = -14. Is 59 a factor of 625/d*(-135)/45?
False
Let v(s) = 22*s**3 + s**2 - 3*s + 1. Let r be v(2). Let c be 6/((-24)/r) - 3/(-4). Let z = -2 - c. Is z a multiple of 7?
False
Suppose -u = 3*u - 3328. Suppose -g - u = 4*l, -3*l - l + 2*g = 832. Let o = -109 - l. Does 23 divide o?
False
Let q be (-6)/(-5) + (-4)/20 - 3. Let t(d) = -5*d**3 - 3*d**2 + 2*d + 5. Is 29 a factor of t(q)?
True
Suppose 0 = 5*m - 326 - 139. Let c = m + -29. Suppose -5*z = 4 - c. Does 6 divide z?
True
Suppose 0 = -4*l - 0*l + 20. Suppose -145 = d + 2*q - 554, 4*d - 1642 = -l*q. Does 27 divide d?
False
Let m be (0/2)/((-120)/(-60)). Is (-15)/20 + ((-2145)/(-12) - m) a multiple of 6?
False
Let i be 5 - -42 - (4 + -3 + -2). Suppose -i*s + 288 = -45*s. Does 2 divide s?
True
Let p(d) = -d**3 - 5*d**2 + 5*d + 21. Let u be p(-5). Is 3 a factor of (396/48 - -10) + 1/u?
True
Suppose 6*d - 176 = 196. Suppose 0 = 2*r - 172 + d. Is r a multiple of 11?
True
Let o = -2167 - -34348. Is o a multiple of 13?
False
Suppose 14*n - 15*n = -280 + 60. Does 11 divide n?
True
Suppose 3*t = -8 + 20. Does 7 divide 2 - t - -24*4?
False
Is -2*(-138)/20*(-33)/(264/(-5240)) a multiple of 191?
False
Let m(j) = 2*j**3 - 44*j**2 + 112*j + 74. Does 26 divide m(19)?
False
Let s be (126/(-105))/((-3)/40). Let m = -3 + s. Suppose 16*y = m*y + 120. Is 18 a factor of y?
False
Suppose 0*c + 25*c + 2704350 = 100*c. Is 11 a factor of c?
True
Let o be (6/9 - 1)*0. Suppose o = 4*b + 155 + 357. Let y = b - -183. Is 11 a factor of y?
True
Let i = 9189 - 5503. Does 7 divide i?
False
Suppose x - 2*h + 1 = 0, -x - 4*h - 2 = -1. Let g be (-1 + x)*((-5)/2 - -1). Suppose -60 = -y - g*m, 2*m - 220 = -y - 3*y. Is y a multiple of 27?
True
Let g(z) = 36*z - 27. Let w be g(5). Let f = w + -73. Is 2392/f + 3/30 even?
True
Let n(m) = 3 - 9*m**3 + 64*m**2 + 6*m**3 - 7*m + 7 + 16*m + 20. Does 15 divide n(21)?
True
Suppose 0*i + 3*l = 3*i - 9, 15 = -5*l. Is 168 + 1 - (-4)/(-12)*i a multiple of 10?
False
Let p = -18312 - -30668. Is 17 a factor of p?
False
Suppose 0 = -5*w + 3*p + 9642, 5*w - 13958 = -2*p - 4286. Is 28 a factor of w?
True
Let w(g) = g**3 + 15*g**2 - 6*g. Let j be (24/9)/(-1 - 10/(-12)). Let v be w(j). Let d = 274 + v. Is d a multiple of 6?
True
Let t(s) = -4*s**2 - 20*s + 21. Let b be t(-6). Let i(y) = -25*y. Let j be i(-2). Is 7 a factor of j + (-2)/b*45/15?
False
Suppose 16 = 4*c - 3*d - 3, -3*c = 5*d - 36. Suppose 0 = -c*v + 838 + 513. Does 21 divide v?
False
Let q = 973 - 696. Is q a multiple of 2?
False
Let h(s) = 13*s**2 + 39*s + 3. Suppose -5*g + 60 = -5*x, -4*x - 3 = -0*x + 5*g. Does 30 divide h(x)?
False
Let n = 13684 + -13612. Is 72 a factor of n?
True
Let b(a) = -a**3 + 12*a**2 + 14*a - 32. Suppose 18*n - 84 = 11*n. Is 8 a factor of b(n)?
True
Let t = 59 + -59. Suppose t = -4*u - 15 + 35. Suppose -2*o = -2*b - 36, 4*o + 2*b - 77 = u*b. Is 15 a factor of o?
False
Let r(l) = 2*l**3 - 138*l**2 - 130*l - 212. Is r(70) a multiple of 42?
False
Let x be 1 - 1 - (-41 - -35). Is (-3)/((-18)/4754) + x/9 a multiple of 13?
True
Is 21 a factor of ((-52820)/30)/(15/(315/(-14)))?
False
Suppose 15 = 5*p + 15. Suppose p = 2*o - q - 2*q - 1037, 0 = -3*o + 2*q + 1553. Is 11 a factor of o?
True
Suppose 23*n + 1034 = 4047. Suppose -35 = 3*v - n. Does 15 divide v?
False
Suppose 2*g - 3*z - 20 = 0, -4*g + 0*g + 5*z + 38 = 0. Let w be 26/g + 10/35. Suppose w*n + j - 229 = -4*j, j - 281 = -5*n. Is 19 a factor of n?
False
Let q(j) = j - 2. Let o be q(4). Suppose -o*s = 3*m - s - 19, -5*s = -3*m + 13. Is (-4)/m + (-132)/(-9) a multiple of 7?
True
Is 16348 + 1 - ((-40)/60 - 52/(-6)) a multiple of 13?
True
Let w(t) = -3*t**3 - t**2 - 5*t - 2. Let b be w(-2). Suppose 36 = 2*r + b. Suppose 0*o = -o + r, 5*o - 213 = -n. Is n a multiple of 40?
False
Let g = 57553 - 31051. Is g a multiple of 14?
True
Let z(x) = 484*x - 5. Suppose 0 = 11*h - 28 + 6. Is 13 a factor of z(h)?
False
Let t = 21 + -21. Suppose 2*s - 5*s = 5*z - 15, t = 2*z - 3*s - 6. Is 16 a factor of -2*(-1)/z + 880/12?
False
Suppose 0 = -4*a + 6*a - 8. Suppose s - 16 = -4*o - 7, a*o + 5*s - 13 = 0. Suppose 0 = -5*p + 1 + 9, o*p = 4*j - 64. Is 17 a factor of j?
True
Let z = -61 - -5. Let t = z + 105. Suppose 4*a - t - 115 = -5*d, 4*a + 3*d - 156 = 0. Is a a multiple of 36?
True
Let z be ((-4)/(-12))/(1/(-3)) - -11. Let t(y) = -z*y - 3 + 9*y - y**3 - 3*y**2 + 2. Is 3 a factor of t(-4)?
False
Let f = 180 - 175. Suppose 9*p - 5*p + 4*m = 1408, f*p - 1771 = 6*m. Is p a multiple of 6?
False
Let j(k) = 2*k**2 - 2*k + 4. Let n be j(-2). Suppose n*x + 420 = 20*x. Is x a multiple of 5?
True
Let a = 105 + -100. Suppose 1236 = 5*v - 3*c, a*v - 1011 = v - 5*c. Is 83 a factor of v?
True
Suppose -2*a - 2*p + 3508 = 0, -p + 4458 + 4336 = 5*a. Is 55 a factor of a?
True
Suppose z - 5*u - 1360 = 695, 10212 = 5*z - 4*u. Is z a multiple of 24?
True
Suppose 510 = d - 2053. Does 74 divide d?
False
Let w = -157 + 126. Let x = 297 - w. Is x a multiple of 8?
True
Suppose -4*u + 10 = u, -5*z - 3*u = 1859. Let a = 768 + z. Suppose 2*q - v - 260 = 0, 0 = 3*q - 6*q + 4*v + a. Is q a multiple of 12?
False
Let k(t) = t**3 + 9*t**2 - 4*t. Let m be k(-9). Let u be (28/(-6))/((-3)/m). Let o = 65 - u. Is o a multiple of 8?
False
Let y(s) = -3*s**3 + 47*s**2 + 74*s - 40. Let p(l) = l**3 - 16*l**2 - 24*l + 13. Let n(g) = 11*p(g) + 4*y(g). Is n(14) a multiple of 4?
False
Suppose -5*p + 6 = -c + 3, -4*p - 3*c - 9 = 0. Let u be 40/16*4/(-5) + 10. Suppose p = h - u - 7. Is 3 a factor of h?
True
Suppose 275*m - 1918033 = 1112620 + 650222. Is 9 a factor of m?
False
Suppose 217*u - 45*u = 2004660. Is 5 a factor of u?
True
Suppose 4*j = -j + 5*t, -3*j = 3*t - 12. Suppose -7*c + j*c + 10 = 0. Suppose -c*g = -g - 26. Is g a multiple of 2?
True
Suppose -2*o - 740 = -5*b, -5*b - 4*o + 766 + 4 = 0. Suppose -2*x + 97 - 7 = 3*n, -5*n = -2*x - b. Is 15 a factor of n?
True
Let s(b) be the third derivative of b**5/30 - 3*b**4/8 - b**3 - 14*b*